{"id":18837,"date":"2024-05-20T09:42:08","date_gmt":"2024-05-20T09:42:08","guid":{"rendered":"https:\/\/www.amoconsultancy.com\/?post_type=case-studies&#038;p=18837"},"modified":"2025-01-15T16:13:01","modified_gmt":"2025-01-15T16:13:01","slug":"gestion-du-cycle-de-vie-des-employes","status":"publish","type":"case-studies","link":"https:\/\/www.amoconsultancy.com\/fr\/case-studies\/gestion-du-cycle-de-vie-des-employes\/","title":{"rendered":"Gestion de cycle de vie des employ\u00e9s"},"content":{"rendered":"","protected":false},"featured_media":17857,"template":"","meta":{"_acf_changed":false,"om_disable_all_campaigns":false,"_monsterinsights_skip_tracking":false,"_monsterinsights_sitenote_active":false,"_monsterinsights_sitenote_note":"","_monsterinsights_sitenote_category":0},"categories":[434],"class_list":["post-18837","case-studies","type-case-studies","status-publish","has-post-thumbnail","hentry","category-project-based"],"acf":[],"yoast_head":"<!-- This site is optimized with the Yoast SEO Premium plugin v27.4 (Yoast SEO v27.4) - https:\/\/yoast.com\/product\/yoast-seo-premium-wordpress\/ -->\n<title>Gestion de cycle de vie des employ\u00e9s | AMO Consultancy<\/title>\n<meta name=\"description\" content=\"Optimisez la gestion du cycle de vie de vos employ\u00e9s gr\u00e2ce \u00e0 un portail centralis\u00e9 et personnalis\u00e9. De l&#039;int\u00e9gration \u00e0 la gestion des b\u00e9n\u00e9fices et de la flotte de v\u00e9hicules\" \/>\n<meta name=\"robots\" content=\"index, follow, max-snippet:-1, max-image-preview:large, max-video-preview:-1\" \/>\n<link rel=\"canonical\" href=\"https:\/\/www.amoconsultancy.com\/fr\/case-studies\/gestion-du-cycle-de-vie-des-employes\/\" \/>\n<meta property=\"og:locale\" content=\"fr_FR\" \/>\n<meta property=\"og:type\" content=\"article\" \/>\n<meta property=\"og:title\" content=\"Gestion de cycle de vie des employ\u00e9s | AMO Consultancy\" \/>\n<meta property=\"og:description\" content=\"Optimisez la gestion du cycle de vie de vos employ\u00e9s gr\u00e2ce \u00e0 un portail centralis\u00e9 et personnalis\u00e9. De l&#039;int\u00e9gration \u00e0 la gestion des b\u00e9n\u00e9fices et de la flotte de v\u00e9hicules\" \/>\n<meta property=\"og:url\" content=\"https:\/\/www.amoconsultancy.com\/fr\/case-studies\/gestion-du-cycle-de-vie-des-employes\/\" \/>\n<meta property=\"og:site_name\" content=\"AMO Consultancy\" \/>\n<meta property=\"article:modified_time\" content=\"2025-01-15T16:13:01+00:00\" \/>\n<meta property=\"og:image\" content=\"https:\/\/www.amoconsultancy.com\/wp-content\/uploads\/2024\/05\/pexels-mikael-blomkvist-6476259-scaled.jpg\" \/>\n\t<meta property=\"og:image:width\" content=\"2560\" \/>\n\t<meta property=\"og:image:height\" content=\"1708\" \/>\n\t<meta property=\"og:image:type\" content=\"image\/jpeg\" \/>\n<meta name=\"twitter:card\" content=\"summary_large_image\" \/>\n<meta name=\"twitter:label1\" content=\"Dur\u00e9e de lecture estim\u00e9e\" \/>\n\t<meta name=\"twitter:data1\" content=\"6 minutes\" \/>\n<script type=\"application\/ld+json\" class=\"yoast-schema-graph\">{\"@context\":\"https:\\\/\\\/schema.org\",\"@graph\":[{\"@type\":\"WebPage\",\"@id\":\"https:\\\/\\\/www.amoconsultancy.com\\\/fr\\\/case-studies\\\/gestion-du-cycle-de-vie-des-employes\\\/\",\"url\":\"https:\\\/\\\/www.amoconsultancy.com\\\/fr\\\/case-studies\\\/gestion-du-cycle-de-vie-des-employes\\\/\",\"name\":\"Gestion de cycle de vie des employ\u00e9s | AMO Consultancy\",\"isPartOf\":{\"@id\":\"https:\\\/\\\/www.amoconsultancy.com\\\/fr\\\/#website\"},\"primaryImageOfPage\":{\"@id\":\"https:\\\/\\\/www.amoconsultancy.com\\\/fr\\\/case-studies\\\/gestion-du-cycle-de-vie-des-employes\\\/#primaryimage\"},\"image\":{\"@id\":\"https:\\\/\\\/www.amoconsultancy.com\\\/fr\\\/case-studies\\\/gestion-du-cycle-de-vie-des-employes\\\/#primaryimage\"},\"thumbnailUrl\":\"https:\\\/\\\/www.amoconsultancy.com\\\/wp-content\\\/uploads\\\/2024\\\/05\\\/pexels-mikael-blomkvist-6476259-scaled.jpg\",\"datePublished\":\"2024-05-20T09:42:08+00:00\",\"dateModified\":\"2025-01-15T16:13:01+00:00\",\"description\":\"Optimisez la gestion du cycle de vie de vos employ\u00e9s gr\u00e2ce \u00e0 un portail centralis\u00e9 et personnalis\u00e9. De l'int\u00e9gration \u00e0 la gestion des b\u00e9n\u00e9fices et de la flotte de v\u00e9hicules\",\"breadcrumb\":{\"@id\":\"https:\\\/\\\/www.amoconsultancy.com\\\/fr\\\/case-studies\\\/gestion-du-cycle-de-vie-des-employes\\\/#breadcrumb\"},\"inLanguage\":\"fr-FR\",\"potentialAction\":[{\"@type\":\"ReadAction\",\"target\":[\"https:\\\/\\\/www.amoconsultancy.com\\\/fr\\\/case-studies\\\/gestion-du-cycle-de-vie-des-employes\\\/\"]}]},{\"@type\":\"ImageObject\",\"inLanguage\":\"fr-FR\",\"@id\":\"https:\\\/\\\/www.amoconsultancy.com\\\/fr\\\/case-studies\\\/gestion-du-cycle-de-vie-des-employes\\\/#primaryimage\",\"url\":\"https:\\\/\\\/www.amoconsultancy.com\\\/wp-content\\\/uploads\\\/2024\\\/05\\\/pexels-mikael-blomkvist-6476259-scaled.jpg\",\"contentUrl\":\"https:\\\/\\\/www.amoconsultancy.com\\\/wp-content\\\/uploads\\\/2024\\\/05\\\/pexels-mikael-blomkvist-6476259-scaled.jpg\",\"width\":2560,\"height\":1708,\"caption\":\"gestion cycle de vie employ\u00e9s\"},{\"@type\":\"BreadcrumbList\",\"@id\":\"https:\\\/\\\/www.amoconsultancy.com\\\/fr\\\/case-studies\\\/gestion-du-cycle-de-vie-des-employes\\\/#breadcrumb\",\"itemListElement\":[{\"@type\":\"ListItem\",\"position\":1,\"name\":\"Home\",\"item\":\"https:\\\/\\\/www.amoconsultancy.com\\\/fr\\\/solutions-sur-mesure\\\/\"},{\"@type\":\"ListItem\",\"position\":2,\"name\":\"Success Stories\",\"item\":\"https:\\\/\\\/www.amoconsultancy.com\\\/fr\\\/case-studies\\\/\"},{\"@type\":\"ListItem\",\"position\":3,\"name\":\"Gestion de cycle de vie des employ\u00e9s\"}]},{\"@type\":\"WebSite\",\"@id\":\"https:\\\/\\\/www.amoconsultancy.com\\\/fr\\\/#website\",\"url\":\"https:\\\/\\\/www.amoconsultancy.com\\\/fr\\\/\",\"name\":\"AMO Consultancy\",\"description\":\"Your digital partner bridging strategy, technology, and human experience\",\"publisher\":{\"@id\":\"https:\\\/\\\/www.amoconsultancy.com\\\/fr\\\/#organization\"},\"potentialAction\":[{\"@type\":\"SearchAction\",\"target\":{\"@type\":\"EntryPoint\",\"urlTemplate\":\"https:\\\/\\\/www.amoconsultancy.com\\\/fr\\\/?s={search_term_string}\"},\"query-input\":{\"@type\":\"PropertyValueSpecification\",\"valueRequired\":true,\"valueName\":\"search_term_string\"}}],\"inLanguage\":\"fr-FR\"},{\"@type\":\"Organization\",\"@id\":\"https:\\\/\\\/www.amoconsultancy.com\\\/fr\\\/#organization\",\"name\":\"AMO Consultancy\",\"url\":\"https:\\\/\\\/www.amoconsultancy.com\\\/fr\\\/\",\"logo\":{\"@type\":\"ImageObject\",\"inLanguage\":\"fr-FR\",\"@id\":\"https:\\\/\\\/www.amoconsultancy.com\\\/fr\\\/#\\\/schema\\\/logo\\\/image\\\/\",\"url\":\"https:\\\/\\\/www.amoconsultancy.com\\\/wp-content\\\/uploads\\\/2022\\\/10\\\/cropped-Logo-Color-1@4x.png\",\"contentUrl\":\"https:\\\/\\\/www.amoconsultancy.com\\\/wp-content\\\/uploads\\\/2022\\\/10\\\/cropped-Logo-Color-1@4x.png\",\"width\":2752,\"height\":959,\"caption\":\"AMO Consultancy\"},\"image\":{\"@id\":\"https:\\\/\\\/www.amoconsultancy.com\\\/fr\\\/#\\\/schema\\\/logo\\\/image\\\/\"},\"sameAs\":[\"https:\\\/\\\/www.linkedin.com\\\/company\\\/amoconsultancy\"]}]}<\/script>\n<!-- \/ Yoast SEO Premium plugin. -->","yoast_head_json":{"title":"Gestion de cycle de vie des employ\u00e9s | AMO Consultancy","description":"Optimisez la gestion du cycle de vie de vos employ\u00e9s gr\u00e2ce \u00e0 un portail centralis\u00e9 et personnalis\u00e9. De l'int\u00e9gration \u00e0 la gestion des b\u00e9n\u00e9fices et de la flotte de v\u00e9hicules","robots":{"index":"index","follow":"follow","max-snippet":"max-snippet:-1","max-image-preview":"max-image-preview:large","max-video-preview":"max-video-preview:-1"},"canonical":"https:\/\/www.amoconsultancy.com\/fr\/case-studies\/gestion-du-cycle-de-vie-des-employes\/","og_locale":"fr_FR","og_type":"article","og_title":"Gestion de cycle de vie des employ\u00e9s | AMO Consultancy","og_description":"Optimisez la gestion du cycle de vie de vos employ\u00e9s gr\u00e2ce \u00e0 un portail centralis\u00e9 et personnalis\u00e9. De l'int\u00e9gration \u00e0 la gestion des b\u00e9n\u00e9fices et de la flotte de v\u00e9hicules","og_url":"https:\/\/www.amoconsultancy.com\/fr\/case-studies\/gestion-du-cycle-de-vie-des-employes\/","og_site_name":"AMO Consultancy","article_modified_time":"2025-01-15T16:13:01+00:00","og_image":[{"width":2560,"height":1708,"url":"https:\/\/www.amoconsultancy.com\/wp-content\/uploads\/2024\/05\/pexels-mikael-blomkvist-6476259-scaled.jpg","type":"image\/jpeg"}],"twitter_card":"summary_large_image","twitter_misc":{"Dur\u00e9e de lecture estim\u00e9e":"6 minutes"},"schema":{"@context":"https:\/\/schema.org","@graph":[{"@type":"WebPage","@id":"https:\/\/www.amoconsultancy.com\/fr\/case-studies\/gestion-du-cycle-de-vie-des-employes\/","url":"https:\/\/www.amoconsultancy.com\/fr\/case-studies\/gestion-du-cycle-de-vie-des-employes\/","name":"Gestion de cycle de vie des employ\u00e9s | AMO Consultancy","isPartOf":{"@id":"https:\/\/www.amoconsultancy.com\/fr\/#website"},"primaryImageOfPage":{"@id":"https:\/\/www.amoconsultancy.com\/fr\/case-studies\/gestion-du-cycle-de-vie-des-employes\/#primaryimage"},"image":{"@id":"https:\/\/www.amoconsultancy.com\/fr\/case-studies\/gestion-du-cycle-de-vie-des-employes\/#primaryimage"},"thumbnailUrl":"https:\/\/www.amoconsultancy.com\/wp-content\/uploads\/2024\/05\/pexels-mikael-blomkvist-6476259-scaled.jpg","datePublished":"2024-05-20T09:42:08+00:00","dateModified":"2025-01-15T16:13:01+00:00","description":"Optimisez la gestion du cycle de vie de vos employ\u00e9s gr\u00e2ce \u00e0 un portail centralis\u00e9 et personnalis\u00e9. De l'int\u00e9gration \u00e0 la gestion des b\u00e9n\u00e9fices et de la flotte de v\u00e9hicules","breadcrumb":{"@id":"https:\/\/www.amoconsultancy.com\/fr\/case-studies\/gestion-du-cycle-de-vie-des-employes\/#breadcrumb"},"inLanguage":"fr-FR","potentialAction":[{"@type":"ReadAction","target":["https:\/\/www.amoconsultancy.com\/fr\/case-studies\/gestion-du-cycle-de-vie-des-employes\/"]}]},{"@type":"ImageObject","inLanguage":"fr-FR","@id":"https:\/\/www.amoconsultancy.com\/fr\/case-studies\/gestion-du-cycle-de-vie-des-employes\/#primaryimage","url":"https:\/\/www.amoconsultancy.com\/wp-content\/uploads\/2024\/05\/pexels-mikael-blomkvist-6476259-scaled.jpg","contentUrl":"https:\/\/www.amoconsultancy.com\/wp-content\/uploads\/2024\/05\/pexels-mikael-blomkvist-6476259-scaled.jpg","width":2560,"height":1708,"caption":"gestion cycle de vie employ\u00e9s"},{"@type":"BreadcrumbList","@id":"https:\/\/www.amoconsultancy.com\/fr\/case-studies\/gestion-du-cycle-de-vie-des-employes\/#breadcrumb","itemListElement":[{"@type":"ListItem","position":1,"name":"Home","item":"https:\/\/www.amoconsultancy.com\/fr\/solutions-sur-mesure\/"},{"@type":"ListItem","position":2,"name":"Success Stories","item":"https:\/\/www.amoconsultancy.com\/fr\/case-studies\/"},{"@type":"ListItem","position":3,"name":"Gestion de cycle de vie des employ\u00e9s"}]},{"@type":"WebSite","@id":"https:\/\/www.amoconsultancy.com\/fr\/#website","url":"https:\/\/www.amoconsultancy.com\/fr\/","name":"AMO Consultancy","description":"Your digital partner bridging strategy, technology, and human experience","publisher":{"@id":"https:\/\/www.amoconsultancy.com\/fr\/#organization"},"potentialAction":[{"@type":"SearchAction","target":{"@type":"EntryPoint","urlTemplate":"https:\/\/www.amoconsultancy.com\/fr\/?s={search_term_string}"},"query-input":{"@type":"PropertyValueSpecification","valueRequired":true,"valueName":"search_term_string"}}],"inLanguage":"fr-FR"},{"@type":"Organization","@id":"https:\/\/www.amoconsultancy.com\/fr\/#organization","name":"AMO Consultancy","url":"https:\/\/www.amoconsultancy.com\/fr\/","logo":{"@type":"ImageObject","inLanguage":"fr-FR","@id":"https:\/\/www.amoconsultancy.com\/fr\/#\/schema\/logo\/image\/","url":"https:\/\/www.amoconsultancy.com\/wp-content\/uploads\/2022\/10\/cropped-Logo-Color-1@4x.png","contentUrl":"https:\/\/www.amoconsultancy.com\/wp-content\/uploads\/2022\/10\/cropped-Logo-Color-1@4x.png","width":2752,"height":959,"caption":"AMO Consultancy"},"image":{"@id":"https:\/\/www.amoconsultancy.com\/fr\/#\/schema\/logo\/image\/"},"sameAs":["https:\/\/www.linkedin.com\/company\/amoconsultancy"]}]}},"_links":{"self":[{"href":"https:\/\/www.amoconsultancy.com\/fr\/wp-json\/wp\/v2\/case-studies\/18837","targetHints":{"allow":["GET"]}}],"collection":[{"href":"https:\/\/www.amoconsultancy.com\/fr\/wp-json\/wp\/v2\/case-studies"}],"about":[{"href":"https:\/\/www.amoconsultancy.com\/fr\/wp-json\/wp\/v2\/types\/case-studies"}],"version-history":[{"count":24,"href":"https:\/\/www.amoconsultancy.com\/fr\/wp-json\/wp\/v2\/case-studies\/18837\/revisions"}],"predecessor-version":[{"id":21003,"href":"https:\/\/www.amoconsultancy.com\/fr\/wp-json\/wp\/v2\/case-studies\/18837\/revisions\/21003"}],"wp:featuredmedia":[{"embeddable":true,"href":"https:\/\/www.amoconsultancy.com\/fr\/wp-json\/wp\/v2\/media\/17857"}],"wp:attachment":[{"href":"https:\/\/www.amoconsultancy.com\/fr\/wp-json\/wp\/v2\/media?parent=18837"}],"wp:term":[{"taxonomy":"category","embeddable":true,"href":"https:\/\/www.amoconsultancy.com\/fr\/wp-json\/wp\/v2\/categories?post=18837"}],"curies":[{"name":"wp","href":"https:\/\/api.w.org\/{rel}","templated":true}]}}

Gestion de cycle de vie des employés

<!-- This site is optimized with the Yoast SEO Premium plugin v27.4 (Yoast SEO v27.4) - https://yoast.com/product/yoast-seo-premium-wordpress/ -->
<title>Gestion de cycle de vie des employés | AMO Consultancy</title>
<meta name="description" content="Optimisez la gestion du cycle de vie de vos employés grâce à un portail centralisé et personnalisé. De l&#039;intégration à la gestion des bénéfices et de la flotte de véhicules" />
<meta name="robots" content="index, follow, max-snippet:-1, max-image-preview:large, max-video-preview:-1" />
<link rel="canonical" href="https://www.amoconsultancy.com/fr/case-studies/gestion-du-cycle-de-vie-des-employes/" />
<meta property="og:locale" content="fr_FR" />
<meta property="og:type" content="article" />
<meta property="og:title" content="Gestion de cycle de vie des employés | AMO Consultancy" />
<meta property="og:description" content="Optimisez la gestion du cycle de vie de vos employés grâce à un portail centralisé et personnalisé. De l&#039;intégration à la gestion des bénéfices et de la flotte de véhicules" />
<meta property="og:url" content="https://www.amoconsultancy.com/fr/case-studies/gestion-du-cycle-de-vie-des-employes/" />
<meta property="og:site_name" content="AMO Consultancy" />
<meta property="article:modified_time" content="2025-01-15T16:13:01+00:00" />
<meta property="og:image" content="https://www.amoconsultancy.com/wp-content/uploads/2024/05/pexels-mikael-blomkvist-6476259-scaled.jpg" />
	<meta property="og:image:width" content="2560" />
	<meta property="og:image:height" content="1708" />
	<meta property="og:image:type" content="image/jpeg" />
<meta name="twitter:card" content="summary_large_image" />
<meta name="twitter:label1" content="Durée de lecture estimée" />
	<meta name="twitter:data1" content="6 minutes" />
<script type="application/ld+json" class="yoast-schema-graph">{"@context":"https:\/\/schema.org","@graph":[{"@type":"WebPage","@id":"https:\/\/www.amoconsultancy.com\/fr\/case-studies\/gestion-du-cycle-de-vie-des-employes\/","url":"https:\/\/www.amoconsultancy.com\/fr\/case-studies\/gestion-du-cycle-de-vie-des-employes\/","name":"Gestion de cycle de vie des employés | AMO Consultancy","isPartOf":{"@id":"https:\/\/www.amoconsultancy.com\/fr\/#website"},"primaryImageOfPage":{"@id":"https:\/\/www.amoconsultancy.com\/fr\/case-studies\/gestion-du-cycle-de-vie-des-employes\/#primaryimage"},"image":{"@id":"https:\/\/www.amoconsultancy.com\/fr\/case-studies\/gestion-du-cycle-de-vie-des-employes\/#primaryimage"},"thumbnailUrl":"https:\/\/www.amoconsultancy.com\/wp-content\/uploads\/2024\/05\/pexels-mikael-blomkvist-6476259-scaled.jpg","datePublished":"2024-05-20T09:42:08+00:00","dateModified":"2025-01-15T16:13:01+00:00","description":"Optimisez la gestion du cycle de vie de vos employés grâce à un portail centralisé et personnalisé. De l'intégration à la gestion des bénéfices et de la flotte de véhicules","breadcrumb":{"@id":"https:\/\/www.amoconsultancy.com\/fr\/case-studies\/gestion-du-cycle-de-vie-des-employes\/#breadcrumb"},"inLanguage":"fr-FR","potentialAction":[{"@type":"ReadAction","target":["https:\/\/www.amoconsultancy.com\/fr\/case-studies\/gestion-du-cycle-de-vie-des-employes\/"]}]},{"@type":"ImageObject","inLanguage":"fr-FR","@id":"https:\/\/www.amoconsultancy.com\/fr\/case-studies\/gestion-du-cycle-de-vie-des-employes\/#primaryimage","url":"https:\/\/www.amoconsultancy.com\/wp-content\/uploads\/2024\/05\/pexels-mikael-blomkvist-6476259-scaled.jpg","contentUrl":"https:\/\/www.amoconsultancy.com\/wp-content\/uploads\/2024\/05\/pexels-mikael-blomkvist-6476259-scaled.jpg","width":2560,"height":1708,"caption":"gestion cycle de vie employés"},{"@type":"BreadcrumbList","@id":"https:\/\/www.amoconsultancy.com\/fr\/case-studies\/gestion-du-cycle-de-vie-des-employes\/#breadcrumb","itemListElement":[{"@type":"ListItem","position":1,"name":"Home","item":"https:\/\/www.amoconsultancy.com\/fr\/solutions-sur-mesure\/"},{"@type":"ListItem","position":2,"name":"Success Stories","item":"https:\/\/www.amoconsultancy.com\/fr\/case-studies\/"},{"@type":"ListItem","position":3,"name":"Gestion de cycle de vie des employés"}]},{"@type":"WebSite","@id":"https:\/\/www.amoconsultancy.com\/fr\/#website","url":"https:\/\/www.amoconsultancy.com\/fr\/","name":"AMO Consultancy","description":"Your digital partner bridging strategy, technology, and human experience","publisher":{"@id":"https:\/\/www.amoconsultancy.com\/fr\/#organization"},"potentialAction":[{"@type":"SearchAction","target":{"@type":"EntryPoint","urlTemplate":"https:\/\/www.amoconsultancy.com\/fr\/?s={search_term_string}"},"query-input":{"@type":"PropertyValueSpecification","valueRequired":true,"valueName":"search_term_string"}}],"inLanguage":"fr-FR"},{"@type":"Organization","@id":"https:\/\/www.amoconsultancy.com\/fr\/#organization","name":"AMO Consultancy","url":"https:\/\/www.amoconsultancy.com\/fr\/","logo":{"@type":"ImageObject","inLanguage":"fr-FR","@id":"https:\/\/www.amoconsultancy.com\/fr\/#\/schema\/logo\/image\/","url":"https:\/\/www.amoconsultancy.com\/wp-content\/uploads\/2022\/10\/cropped-Logo-Color-1@4x.png","contentUrl":"https:\/\/www.amoconsultancy.com\/wp-content\/uploads\/2022\/10\/cropped-Logo-Color-1@4x.png","width":2752,"height":959,"caption":"AMO Consultancy"},"image":{"@id":"https:\/\/www.amoconsultancy.com\/fr\/#\/schema\/logo\/image\/"},"sameAs":["https:\/\/www.linkedin.com\/company\/amoconsultancy"]}]}</script>
<!-- / Yoast SEO Premium plugin. -->

Gestion de cycle de vie des employés | AMO Consultancy

Optimisez la gestion du cycle de vie de vos employés grâce à un portail centralisé et personnalisé. De l'intégration à la gestion des bénéfices et de la flotte de véhicules

gestion cycle de vie employés
